 + 4 = -h. Calculate the highest common divisor of 15 and h.
15
Let k = -80 + 113. What is the highest common factor of 165 and k?
33
Let v be ((-10)/4)/(13/(-208)). Suppose 1 + 2 = m. Suppose 0 = -m*n + n + 120. Calculate the greatest common divisor of n and v.
20
Let b = 11 + -2. What is the greatest common divisor of b and 9?
9
Let z(m) = 2*m**2 - 17*m + 57. Let c be z(9). Calculate the greatest common divisor of 22 and c.
22
Let d(v) = v**3 - 13*v**2 - 14*v + 12. Let h be d(14). Let g(m) = m**2 - 12*m + 10. Let q be g(h). What is the highest common factor of 30 and q?
10
Suppose 0 = y - 4*v - 28 + 4, 0 = -4*y - 3*v + 77. Let m = -13 - -43. What is the greatest common factor of y and m?
10
Let f = 14 + 14. What is the highest common divisor of f and 14?
14
Suppose 0*o - 6 = -2*o. Suppose 0*m - o*m + 198 = 0. Suppose 2*p = -0*p + m. What is the greatest common factor of 3 and p?
3
Let q(c) = c - 2. Let i be q(6). Let d = -11 + 7. Let l = i - d. Calculate the greatest common factor of l and 16.
8
Let u be 2/(-3)*(-27)/6. Suppose -4*k = 4*w - 60, u*k - 105 = -2*k + 5*w. Calculate the greatest common factor of 27 and k.
9
Suppose 0 = -2*z - 2*z + 24. Let t be (10/(-3))/(z/(-171)). What is the greatest common divisor of 38 and t?
19
Let v = -9 + 31. Calculate the highest common divisor of 33 and v.
11
Let d(u) = 3*u**2 + 16*u + 13. Let j be d(-7). Calculate the highest common divisor of 64 and j.
16
Let b = 0 + 4. Let k = b + 1. Suppose k*t + 101 = 871. What is the greatest common divisor of t and 22?
22
Suppose -6*o + 11*o = 1495. Calculate the highest common divisor of 23 and o.
23
Let l = 102 - -114. What is the greatest common divisor of l and 27?
27
Let u(a) = a**3 + 11*a**2 - 5*a + 5. Let x be u(-11). Calculate the greatest common divisor of 15 and x.
15
Let m(l) = 17*l + 4. Let c be m(3). Calculate the highest common factor of c and 5.
5
Let z = 95 - 51. Let j(x) = x**3 - x**2 - x - 4. Let p be j(3). What is the highest common factor of z and p?
11
Let v be (-34)/(-3) - (-2)/3. What is the greatest common factor of v and 12?
12
Suppose 8 = r + r. Let p(a) = 2*a + 4. Let w be p(r). Calculate the highest common divisor of 24 and w.
12
Suppose 0 = -6*r + r + 4*j + 515, -4*r - j = -391. Calculate the greatest common factor of r and 9.
9
Let z be ((-3)/3)/1*(0 + -11). What is the highest common divisor of z and 44?
11
Suppose 5*t - 15 + 5 = 5*l, l - 4 = -t. Let g be ((-10)/30)/(l/(-45)). What is the highest common factor of g and 75?
15
Let p(s) = -s**2 + 7*s - 2. Let d be p(6). Let n be 1/((-3)/2)*-6. Let i = n - 0. What is the highest common divisor of i and d?
4
Let v(x) = -x**3 + 8*x**2 + 9*x + 8. Let m be v(9). What is the greatest common divisor of m and 32?
8
Suppose 4 = -2*b + 3*b. Suppose -5*w - 385 + 1213 = b*h, 4*w = 2*h + 678. What is the greatest common divisor of w and 21?
21
Suppose 0 = 2*q - 0*q + d + 4, 0 = -4*q + 2*d + 8. Suppose -8*r + 7*r + 7 = q. What is the greatest common divisor of 49 and r?
7
Suppose 0 = -5*q + 383 + 537. Calculate the greatest common factor of q and 8.
8
Let r be -2*2/4 - -10. Suppose 3*x = r + 3. Suppose -x*b + 72 = t, -b + 18 = -0*b - 3*t. What is the greatest common factor of 90 and b?
18
Let x = -28 - -48. Suppose 4*l - 21 = 19. What is the greatest common factor of x and l?
10
Let i = 62 + -53. What is the highest common factor of i and 99?
9
Let a be 208 - -5 - -1*2. Let i = a - 137. What is the highest common divisor of i and 26?
26
Suppose 3*w - 49 = 23. Calculate the highest common divisor of w and 12.
12
Let n(f) = -2 - f**3 + 7 - 2*f + 5*f**2 + f**2. Let w be n(5). What is the highest common divisor of w and 50?
10
Suppose -k + 234 = k. Calculate the highest common factor of 13 and k.
13
Let n = 101 - 93. What is the greatest common factor of n and 2?
2
Suppose 2*c + 62 = 3*d, 0 = d - 5*c - 1 + 2. Let g = 29 + -23. Calculate the highest common divisor of g and d.
6
Suppose 0 = -d + 5*d - 132. Suppose -d = -5*k + 2*k. Calculate the greatest common factor of k and 121.
11
Let j be (0 - -2)*(-3)/6. Let x be (j + -77)/(3/(-2)). Let n be (-25)/(-2) - (-1)/2. What is the highest common factor of n and x?
13
Suppose -90 = -2*t - 3*t. Let z(u) = u**2 + 2*u + 6. Let h be z(-3). Calculate the greatest common divisor of t and h.
9
Let b be (14/8)/(6/(-72)). Let l = 69 - b. Let v = l + -60. Calculate the greatest common factor of v and 20.
10
Suppose 0 = -2*r + 3*r - 1. Let s = 28 - 25. Suppose -h - 55 = -5*j, -s*h - 22 = j - 3*j. What is the greatest common factor of r and j?
1
Suppose -u + 0*u - 24 = 0. Let s be u/(-10) - (-4)/(-10). Suppose 0 = -4*r, s*y = 3*r + 56 - 14. What is the greatest common factor of 84 and y?
21
Let x(l) = -2*l. Let y be x(4). Let d(n) = n**2 + 4*n - 5. Let b be d(-4). Let w = b - y. What is the greatest common divisor of 9 and w?
3
Let f(g) = 8*g**3 + 2*g - 1. Let x be f(1). Let l = -5 + x. Suppose -s + l = 3*s. What is the highest common divisor of 3 and s?
1
Suppose 6*r - 4*r = 16. Suppose -4*z = 3*n - 13, -3*z - 3*n + 8 = n. What is the highest common divisor of r and z?
4
Let z(i) = i**3 + 7*i**2 - 9*i - 9. Let p be z(-8). Let v = p + 6. What is the greatest common factor of 25 and v?
5
Let h be (-84)/(-49)*49/1. Let u(v) = v**2 - 6*v. Let z be u(6). Suppose 31 = 2*b - 2*g + 7, z = -5*g. Calculate the greatest common divisor of b and h.
12
Let x be -1 - -4 - (8 + 16). Let f be (-8)/(-6)*x/(-2). Let d be (-1)/((-1)/26) - -2. What is the greatest common factor of d and f?
14
Let j = -62 - -84. Calculate the highest common divisor of j and 88.
22
Let z(o) = o**3 + 6*o**2 + 7*o + 2. Let p be z(-3). Suppose -64 = -4*c - 0*c. What is the highest common factor of c and p?
8
Suppose -g + 2*p + 0*p = -19, -62 = -4*g + p. Suppose -5*x + 30 = 2*l, -3*l + 13 = -5*x - 32. Calculate the highest common divisor of g and l.
15
Let t be ((-87)/(-6))/((-3)/(-72)). Suppose 3*i = i - t. Let f = -64 - i. Calculate the greatest common divisor of 44 and f.
22
Suppose 20 = -2*b + 7*b. Suppose b*t + t = 20. Let i(d) = 13*d**2 - 2*d + 1. Let o be i(1). What is the highest common divisor of t and o?
4
Let p be (2 - 0)/((-2)/(-4)). Let w = p - 2. Suppose -3*g = -w*d + 28, -g + 6 - 2 = 0. What is the greatest common divisor of 5 and d?
5
Let v(x) = x**2 - x - 6. Let n be v(14). Calculate the highest common divisor of 22 and n.
22
Suppose -3*n = -5 + 2. Let i be -3*n - (0 - 79). What is the greatest common factor of 19 and i?
19
Let f = -173 - -308. Let g = -75 + f. Let u(m) = m**2 - 4. Let t be u(4). Calculate the highest common divisor of g and t.
12
Let f(u) = -u**3 + 14*u**2 - 12*u + 9. Let m be f(13). Calculate the greatest common divisor of 66 and m.
22
Let d(x) = 2*x**2 - 7*x - 7. Let c be d(-5). Suppose -2*s + c = -0*s. Calculate the highest common divisor of 13 and s.
13
Suppose 6*d = 2*d - 2392. Let a be 3/9 - d/6. Suppose s + 4*j = 60, 0 = 2*s - j + 5*j - a. Calculate the greatest common factor of s and 10.
10
Suppose -2*w - 2*w - p + 17 = 0, -3*w + 4*p = -27. Suppose -5*h + d + 67 = -6, -w*h = d - 67. Calculate the highest common factor of h and 35.
7
Let h = -45 - -97. Let d be ((-52)/(-20))/(2/10). Calculate the greatest common factor of d and h.
13
Let x = 304 - 211. What is the greatest common divisor of 31 and x?
31
Let f(b) = -3*b + 3. Let g be f(-2). Calculate the highest common factor of g and 99.
9
Suppose -4*l - 2*d = d, 4*l + 4 = -4*d. Calculate the highest common factor of 21 and l.
3
Suppose -5*t - 10 + 3 = -3*x, -x + 8 = 4*t. Suppose -w = -10 - t. Let q = 243 + -221. What is the highest common divisor of w and q?
11
Suppose 3*h = -1 + 31. What is the greatest common factor of 40 and h?
10
Let s = 19 - -125. Calculate the highest common divisor of s and 16.
16
Suppose -2*s + 60 = 3*s. Suppose 3*z = 33 + s. Calculate the greatest common factor of 15 and z.
15
Let h be (-706)/(-8) - 2/8. Let b(r) = 6*r - 4. Let y be b(4). Let q be 8/y - (-38)/5. Calculate the highest common divisor of h and q.
8
Let g(s) = -s**2 - 8*s - 9. Let m be g(-6). Suppose 4*h = m*h + 8. Suppose -5*u = -0*u + 20, -4*c - u + 60 = 0. What is the greatest common divisor of c and h?
8
Let w(k) = -k**2 + 3*k + 3. Let m be w(0). What is the greatest common divisor of 2 and m?
1
Let h(f) = 2*f**2 + 8*f - 